me factors of n(2)?
5
Let f = 13 - 7. Let k(h) = -h**2 + 8*h. What are the prime factors of k(f)?
2, 3
Suppose -34 = -0*f - 3*f - 4*t, -16 = -2*f - t. Let i(z) = 3*z - 9. List the prime factors of i(f).
3
What are the prime factors of -3 + (-3 - -1) + 67?
2, 31
Let i(t) = -t**2 - 9*t - 2. Suppose 5*s + 43 - 3 = 0. What are the prime factors of i(s)?
2, 3
Let i = -1 + 1. Suppose i*b - 5*d = b + 31, -3*d = 5*b + 45. Let u(q) = q + 14. List the prime factors of u(b).
2
Suppose -2 - 12 = -2*w. Suppose 2*a - w - 5 = -3*s, 3*s = -4*a + 24. What are the prime factors of a?
2, 3
Let o = 2 - 7. Let n be (-2)/4 + o/(-2). Let l = n - -6. List the prime factors of l.
2
Let j(b) = b**2 - 3*b + 3. Let u = 3 + 0. What are the prime factors of j(u)?
3
Let o(n) be the first derivative of n**3/3 + 3*n**2/2 - 3*n - 3. Let z be o(-4). Suppose 0 = -4*k + 37 - z. What are the prime factors of k?
3
Suppose 2*h = -2*h - 3*j - 53, 2*j = 2*h + 30. Let f = h - -44. Suppose -2*z = z - f. List the prime factors of z.
2, 5
Let f(p) = 12*p**2 + 16*p + 18. List the prime factors of f(-5).
2, 7, 17
Suppose 0 - 4 = 2*m. Let n(t) = t**3 + 4*t**2 + 2*t + 3. What are the prime factors of n(m)?
7
Let u be 7/(-2)*1*4. List the prime factors of (-2)/7 - 186/u.
13
Let l(k) = -k**3 + k**2 - k - 1. Let n(g) = -4*g**3 + 10*g**2 + 7*g - 9. Let o(v) = 3*l(v) - n(v). Let p be o(8). What are the prime factors of p/(-3) - 2/6?
3
Let x = -16 - -27. What are the prime factors of x?
11
Let n be (-14)/(-4)*(-1 + 5). Suppose -18 = 2*v + n. List the prime factors of (v/(-2))/(-3 - -4).
2
Let b = 11 - 8. Suppose 3*s = 4*c - 50, c + c - 16 = -3*s. Suppose -c = -b*t + 10. What are the prime factors of t?
7
Let r(p) = -p**2 + 6*p + 3. Suppose -4*n - 19 = -5*q - 52, -5*n + 39 = -4*q. Let k be r(n). What are the prime factors of (k/(-5))/((-4)/(-50))?
2, 5
What are the prime factors of 1*4/((-16)/(-284))?
71
Let g = 7 - 7. Suppose 2*n - 20 = -g*n. List the prime factors of n.
2, 5
Let g(l) = l**3 - 5*l**2 + 5. Let y be g(5). Suppose -5*f + 75 = 2*s - 0*f, y*f = 15. List the prime factors of s.
2, 3, 5
Suppose 8 = -4*l - 5*p, -p + 4*p = -3*l - 3. Suppose -4*k - 60 = -4*u, l*u - 4*k - 45 = k. What are the prime factors of u?
3, 5
Suppose -m + 49 - 12 = 0. List the prime factors of m.
37
Let x(d) = d. Let a = -5 + 1. Let k be x(a). What are the prime factors of (-14)/k*(1 + 1)?
7
Let l(k) be the first derivative of k**4/4 - 8*k**3/3 + k**2 - 5*k - 6. What are the prime factors of l(8)?
11
Suppose s - 53 = 2*n + 27, 0 = 4*s - 2*n - 296. Suppose 0*d + 4*d - s = 0. Let o = d + -1. What are the prime factors of o?
17
Let k = 71 - 43. What are the prime factors of k?
2, 7
Let y(u) = u**3 - 2*u**2 - 7*u + 2. Let d be y(5). Suppose d = -3*v - 2*j, -10 = v + 2*j + 8. List the prime factors of -21*-2*(-2)/v.
7
Suppose -2*n - 228 = -2*i, -i + 134 = n + 16. What are the prime factors of i?
2, 29
Let j = 4 + -2. Suppose j*k = 81 - 31. List the prime factors of k.
5
Suppose 17 - 146 = -3*z. Let x = -29 + z. What are the prime factors of x?
2, 7
Suppose z + 0*z - 31 = 0. List the prime factors of z.
31
Let v = 26 + 25. What are the prime factors of v?
3, 17
Suppose 5*s + 0*s = 20. Suppose v - s = 10. List the prime factors of v.
2, 7
Suppose 2*j - 298 + 66 = 0. What are the prime factors of j?
2, 29
Suppose -5*q - 4*n = -6*n - 15, -2*n = 4*q - 30. Suppose 30 - 130 = -q*x - 2*o, 4*o + 16 = 2*x. List the prime factors of x.
2, 3
Let k be 0 + (621 - 1)/2. Let m be 6/(-27) + k/18. Suppose -2*y - 1 = -m. What are the prime factors of y?
2
Suppose -b + 46 = b. What are the prime factors of b?
23
Let i be -5*(-2 + 3/3). Let l(t) = -t - 6. Let s be l(i). Let v = 1 - s. List the prime factors of v.
2, 3
Suppose 5*u + x = 10, 2*x = -u + 2*u - 13. Suppose 0 = -u*p - 8 - 7. What are the prime factors of 7/(-5)*(p - 0)?
7
Suppose c + 2*c - 6 = 0. Suppose c*l - 4 = -2*p, 0*p + 5 = 3*l + 4*p. Suppose 5*i = 5*h - 40, -i - 39 = -3*h - l*i. List the prime factors of h.
11
Suppose d = -d - 6. What are the prime factors of -1 + d + (11 - 0)?
7
Suppose -3*c + 0*c - 57 = -5*k, c = -4. Let x = 22 - k. Suppose 2*r + x = 3*r. What are the prime factors of r?
13
Let d = 2 - -37. What are the prime factors of d?
3, 13
Let z = 11 - 7. Suppose 0 - 16 = -z*b. Suppose b*r - 18 = r. What are the prime factors of r?
2, 3
Let k(j) = j**3 + 6*j**2 + 2*j - 2. Let i be k(-6). Let q be (-20)/(-2)*7/i. Let u = -1 - q. List the prime factors of u.
2
Let z(p) = -p**2 + 11*p - 3. Let m be z(7). What are the prime factors of 70/m + 2/10?
3
Suppose w = -0*w + 1. Suppose 3*p = -3*k - 2 - w, 5*k = -3*p - 11. Suppose -p*i - i + 40 = 0. What are the prime factors of i?
2, 5
Suppose -815 = -5*o - 4*w, 8*o - 4*w = 4*o + 652. List the prime factors of o.
163
Suppose 0 = 3*a - 3*b - 138, 73 - 31 = a + 3*b. What are the prime factors of a?
3, 5
Let k(l) = 2*l - 6. Let r(w) = w**3 + 8*w**2 + 8*w + 7. Let v be r(-7). Suppose 2*d + d - 24 = v. List the prime factors of k(d).
2, 5
Suppose 6*r = 3*r + 9, c = -r - 17. Let h = -9 - c. What are the prime factors of h?
11
Let r(h) = h**3 - 3*h**2 - h + 5. List the prime factors of r(3).
2
Suppose 0 = 6*j - j. Suppose j = 3*g + g. Suppose -y = 4*c - 12 - 7, g = y + 3*c - 16. List the prime factors of y.
7
Let r = 260 + -144. What are the prime factors of r?
2, 29
Let q(k) = k**2 + 18. What are the prime factors of q(-12)?
2, 3
Let p(f) = -f**3 - f. Let x(v) = v**2 + v - 1. Let g(y) = 3*p(y) + x(y). List the prime factors of g(-2).
31
Let j = -5 - -5. Suppose 0 = -2*x + k - 1, j = -2*x + x - 2*k + 2. Suppose x = p - 7 - 1. List the prime factors of p.
2
Let w be ((-3)/(-3) + 0)*5. Let p = w - 1. What are the prime factors of p?
2
Let i(a) = 5*a + 2. List the prime factors of i(7).
37
Let a be 0*-1*(-1)/(-2). Suppose 0 = -a*n - 3*n. Suppose 0 = -n*h + 5*h - 85. What are the prime factors of h?
17
Let w be (-3 - 75)*(-2)/6. Let i(g) = -g**3 - 5*g**2 + 4. Let m be i(-5). Suppose m*q - 18 = w. What are the prime factors of q?
11
Suppose 71 = 3*a + 4*f + 18, 4*a - 80 = -3*f. Let v = a + -14. What are the prime factors of v?
3
Let i = 5 - -20. List the prime factors of i.
5
Let v be (2/1 - 3)*-4. Suppose -2*j - 2*t = 8, 2*t - 3*t = -v*j - 6. List the prime factors of 3 + j - (-2)/1.
3
Let g(n) = -28*n**3 - n**2 - n. Let l be g(-1). Suppose 0 = -2*p + l + 4. What are the prime factors of p?
2
Let f(o) = 5*o**2 - 9*o + 12. What are the prime factors of f(4)?
2, 7
Suppose 4*j = 9*j - 50. What are the prime factors of j?
2, 5
Suppose -5*f + 4*d + 31 = 0, -2*f - 8 = 2*f + 5*d. Let k(j) = j**3 - 3*j**2 + 3*j. What are the prime factors of k(f)?
3
Let n = -17 - -20. Suppose -2*j = 2*j + 3*t - 55, -2*j + 23 = n*t. List the prime factors of j.
2
Let c(a) = -a**2 - 17*a - 1. What are the prime factors of c(-8)?
71
Let o(c) = c**2. Let b be o(-1). Let g = 4 - b. Suppose g*q - 7 - 47 = 0. List the prime factors of q.
2, 3
Let b(h) = -2*h - 6. What are the prime factors of b(-6)?
2, 3
Suppose -g - 2*r + 24 = -0*r, 2*g = -r + 36. List the prime factors of g.
2
Let y be 507/(-4) + (-3)/(-4). List the prime factors of 2/4 + y/(-12).
11
Suppose -q = -5*s - 16, -5*q = -3*q + 3*s - 32. Suppose 6*i - q = 2*i. Suppose 5*n = 2*u + 4*n - 27, 4*n + 64 = i*u. List the prime factors of u.
11
Let c = 12 + -18. Let q(f) = -f**3 - 6*f**2 - 8*f - 4. List the prime factors of q(c).
2, 11
Suppose -3*g + g - 2 = -2*i, -3*i - 5*g = 13. Let a be (-25 + 3/i)/(-1). Suppose -3*c + a = -c. List the prime factors of c.
2, 7
Let j = -4 - -6. Let k be (-1 - 8/(-4))*56. Suppose 4*n - k = 4*l, j*l - 3*l = 2*n - 31. What are the prime factors of n?
3, 5
Let j = 327 - 229. What are the prime factors of j?
2, 7
Suppose l + j = -l + 4, 16 = 2*l + 4*j. Suppose l*b - 2*b = -4. List the prime factors of (3 - (-3 - -2))*b.
2
Let c be 15/(-2)*(-2)/3. Suppose 2*d - c*a = 38, 40 + 12 = 3*d - 5*a. Suppose -i = -t - d, 0*i = i + 4*t + 11. What are the prime factors of i?
3
Let d = 12 + 10. What are the prime factors of d?
2, 11
Let b(w) be the second derivative of -w**5/20 - w**4/12 + w**2 - 4*w. What are the prime factors of b(-2)?
2, 3
Let j = -4 + 6. Let h be (-2)/j*(-230)/5. Suppose -3*k = 5*v - 24, v = 4*k + 3*v - h. List the prime factors of k.
13
Let u(i) = i**3 + 6*i**2 - 5*i - 5. 